Determine k(-16).
-11
Let a(t) = 11*t**2 + 315*t - 1508. What is a(-33)?
76
Let q(y) = -y**2 - 40523*y - 2548985. Give q(-63).
-5
Let x(w) = -10*w**3 - 29*w**2 - 168*w - 40. Determine x(-6).
2084
Let b(h) = -10*h**2 - 76*h + 436. Give b(4).
-28
Let c(r) = 2*r**2 + 317*r - 31958. Calculate c(75).
3067
Let t(u) = -3*u**3 + 21*u**2 - 9*u + 85. Determine t(6).
139
Let h(q) = q**3 + 43*q**2 - 114*q - 6572. What is h(-42)?
-20
Let k(p) = p**2 - 21*p - 2049. Give k(-39).
291
Let j(l) = l**3 - 313*l**2 + 10264*l - 2998646. Calculate j(311).
16
Let s(i) = -i**2 + 334*i - 18614. Calculate s(75).
811
Let a(z) = 293*z**2 + 811*z - 93. What is a(-3)?
111
Let r(u) = 512*u - 913. What is r(2)?
111
Let c(z) = 239*z + 17142. Calculate c(-72).
-66
Let r(s) = 33*s - 1150. Calculate r(35).
5
Let j(v) = -8*v**2 + 11756*v + 286750. Calculate j(-24).
-2
Let r(i) = 108604*i + 17702452. Determine r(-163).
0
Let n(u) = -20*u**2 - 3471*u - 69265. Calculate n(-23).
-12
Let h(g) = -1364*g + 115940. What is h(85)?
0
Let p(q) = -q**3 - 76*q**2 - 266*q + 40. Calculate p(-4).
-48
Let n(w) = w**3 + 97*w**2 + 646*w - 5830. Calculate n(-89).
44
Let a(n) = 8*n**2 - 112404*n - 449754. What is a(-4)?
-10
Let j(k) = 8*k**3 + 33*k**2 - 74*k + 7. Calculate j(2).
55
Let y(j) = -17914*j + 17765. Determine y(1).
-149
Let l(x) = -5*x**2 + 3514*x + 14108. Give l(-4).
-28
Let f(x) = -x**3 - 171*x**2 + 847*x + 144839. Give f(-171).
2
Let r(j) = j**2 - 496*j + 17565. What is r(36)?
1005
Let r(f) = 2*f**2 + 5217*f + 108662. Determine r(-21).
-13
Let j(u) = 15461*u + 247306. What is j(-16)?
-70
Let c(d) = 253*d - 3770. Give c(14).
-228
Let f(c) = 7230*c + 34521. Give f(-5).
-1629
Let j(d) = -20*d**3 - 87*d**2 - d + 10. Determine j(-4).
-98
Let s(t) = -29124*t - 28893. Give s(-1).
231
Let q(v) = 24*v**2 - 4898*v + 14922. What is q(201)?
48
Let n(p) = -4488*p + 929023. Calculate n(207).
7
Let t(b) = 201*b - 10830. What is t(50)?
-780
Let y(c) = -5564*c + 38961. Calculate y(7).
13
Let t(i) = 26*i**3 + 4601*i**2 - 182*i - 930. Determine t(-177).
-45
Let a(w) = -2*w**3 + 67*w**2 - 433*w + 324. What is a(26)?
-794
Let a(b) = 276140*b + 1933002. What is a(-7)?
22
Let z(m) = -m**3 + 86*m**2 + 511*m - 1877. What is z(92)?
-5649
Let w(i) = i**3 - 29*i**2 - 93*i + 2642. What is w(29)?
-55
Let t(i) = 4*i**3 - 22*i**2 + 861*i - 4263. Determine t(5).
-8
Let n(x) = 4529*x + 36213. Calculate n(-8).
-19
Let w(s) = s**3 - 5*s**2 - 178*s + 749. What is w(4)?
21
Let c(a) = -37*a**2 - 2965*a + 56913. Give c(16).
1
Let g(m) = -87992*m - 1935832. Determine g(-22).
-8
Let u(c) = -180*c**2 - 18023*c - 2294. Give u(-100).
6
Let r(l) = -1742*l + 34890. Determine r(20).
50
Let k(i) = -i**2 - 762*i + 29555. Give k(37).
-8
Let i(c) = 47*c**2 - 5354*c - 22651. What is i(118)?
5
Let w(m) = 3*m**3 + 57*m**2 + 7*m - 462. Determine w(-20).
-1802
Let j(k) = 110*k**3 - 90*k**2 - 86*k + 2. Determine j(-1).
-112
Let w(r) = 17*r**3 - 375*r**2 - 38*r + 1359. What is w(22)?
39
Let t(r) = 13*r**2 - 101*r + 12. Give t(11).
474
Let c(v) = -v**3 - 64*v**2 + 908*v - 247. Determine c(-76).
57
Let a(d) = -d**2 + 158*d - 6230. Give a(76).
2
Let z(r) = -20804*r - 269600. What is z(-13)?
852
Let l(b) = -12*b**3 - 58*b**2 + 376*b + 434. Give l(-1).
12
Let t(p) = -p**3 + 68*p**2 + 537*p + 83. Calculate t(-7).
-1
Let b(u) = 1554392*u - 12435090. Calculate b(8).
46
Let o(m) = 2*m**3 + 1575*m**2 - 2424*m - 44967. Give o(-789).
6
Let n(t) = -t**3 + 134*t**2 + 19*t - 2613. Give n(134).
-67
Let d(k) = 10*k**3 + 13*k**2 + 34*k + 102. Give d(-3).
-153
Let g(b) = 5*b**2 + 623*b - 54149. What is g(59)?
13
Let f(s) = 3*s**3 + 1024*s**2 - 1908*s - 66214. What is f(-343)?
-15
Let s(g) = 537*g - 1235. What is s(3)?
376
Let z(g) = 22*g**3 + 750*g**2 + 72*g + 71. Give z(-34).
-65
Let y(j) = -14633*j - 43926. What is y(-3)?
-27
Let o(d) = -439411*d - 3075875. Give o(-7).
2
Let f(z) = z**3 + 24*z**2 - 1046*z - 116. Determine f(22).
-864
Let u(d) = 124029*d + 3348766. Determine u(-27).
-17
Let a(r) = 3*r**3 - 992*r**2 + 6794*r + 7. Determine a(7).
-14
Let u(k) = 8057*k + 80584. Determine u(-10).
14
Let x(w) = 327187*w - 327200. Give x(1).
-13
Let j(r) = 66*r**2 - 22838*r - 68394. What is j(349)?
10
Let h(t) = 6181*t + 49497. What is h(-8)?
49
Let c(p) = p**3 - 8*p**2 - 181933*p + 1819134. Give c(10).
4
Let h(y) = -23085*y - 16598113. Calculate h(-719).
2
Let r(d) = -2*d**3 - 27*d**2 + 848*d - 1465. Determine r(-29).
14
Let g(v) = 746*v**2 + 30566*v - 813. Calculate g(-41).
7
Let y(t) = -750*t**3 + 5*t**2 + 7*t + 6. Determine y(-1).
754
Let u(d) = d**3 + 2476*d**2 - 4973*d + 29. Give u(2).
-5
Let d(u) = 2*u**3 + 16*u**2 + 4000*u + 19775. Calculate d(-5).
-75
Let n(o) = 51*o**3 - 6*o**2 - 4*o + 43. Give n(3).
1354
Let l(q) = 2*q**3 + 30*q**2 - 371*q + 431. Give l(-21).
2930
Let x(c) = -361782*c - 4341390. What is x(-12)?
-6
Let j(s) = 24*s**3 + 2595*s**2 - 2280*s + 975. Determine j(-109).
-6
Let y(f) = -2*f**2 + 163*f + 59862. Give y(-137).
-7
Let k(d) = -10924*d - 819288. Determine k(-75).
12
Let o(r) = -r**3 - 171*r**2 + 18114*r - 3816. Give o(-245).
104
Let g(p) = -23*p**2 - 909*p - 12740. Give g(-14).
-4522
Let b(o) = 3*o**3 - 62*o**2 - 41*o + 143. Calculate b(20).
-1477
Let m(c) = 956484*c + 63127950. What is m(-66)?
6
Let a(j) = -270*j**2 - 3500*j + 26. What is a(-13)?
-104
Let k(a) = -12*a**2 + 1830*a + 761. Calculate k(153).
-157
Let h(o) = -8616*o - 86163. Give h(-10).
-3
Let j(p) = -53954*p - 1348834. Calculate j(-25).
16
Let b(f) = 102*f**2 + 21608*f - 193. Give b(-212).
3199
Let n(y) = -2*y**2 - 48*y + 462. What is n(11)?
-308
Let t(h) = 4288*h**2 + 33*h - 17. Calculate t(0).
-17
Let i(h) = h**3 - 96*h**2 + 478*h - 2073. Calculate i(91).
20
Let h(p) = -334*p - 6331. What is h(-8)?
-3659
Let f(a) = 17136*a + 189526. Give f(-11).
1030
Let p(x) = 90*x + 5974. Give p(-61).
484
Let f(u) = -4*u**2 + 6063*u - 16. Determine f(0).
-16
Let k(n) = 4311*n + 138247. Calculate k(-32).
295
Let q(w) = -2*w**3 - 348*w**2 - 12*w - 2086. What is q(-174)?
2
Let n(o) = 504*o - 4115. Calculate n(8).
-83
Let v(l) = -516869*l + 4651869. Determine v(9).
48
Let s(k) = -11*k**3 + 117*k**2 - 57*k - 134. Determine s(10).
-4
Let d(k) = -k**3 - 15*k**2 + 240*k + 3422. Determine d(-14).
-134
Let f(g) = 3*g**2 - 197*g + 225. Calculate f(60).
-795
Let v(h) = 2898*h - 12716. What is v(5)?
1774
Let x(z) = -15*z**2 - 4009*z - 12033. Give x(-3).
-141
Let o(v) = v**2 - 96*v - 16025. Calculate o(184).
167
Let t(y) = 2*y**3 + 331*y**2 - 6717*y + 16730. Give t(-184).
-14
Let f(j) = 5*j**3 - 55*j**2 - 47*j + 574. Give f(11).
57
Let t(c) = c**3 + 4*c**2 - 6*c + 13. Calculate t(6).
337
Let q(p) = -2*p**2 + 3734*p + 434968. What is q(-110)?
28
Let q(r) = 5*r**3 - 13*r**2 + 17*r + 99. Give q(-5).
-936
Let o(u) = 1258*u - 36549. Give o(29).
-67
Let l(j) = j**3 - 113*j**2 + 1822*j + 5699. Calculate l(23).
-5
Let k(w) = -3*w**3 - 105*w**2 + 39*w + 1738. Calculate k(-35).
373
Let k(g) = 76*g**2 + 165*g - 766. Give k(4).
1110
Let y(w) = -w**3 - 216*w**2 + 439*w + 264. Give y(-218).
-390
Let t(n) = 4*n**2 - 359*n - 9218. What is t(-21)?
85
Let q(g) = -477*g**2 + 62305*g + 23842. Calculate q(131).
0
Let c(m) = -m**3 - 474*m**2 + 10021*m + 69664. Determine c(-494).
10
Let p(n) = -n**3 - 176*n**2 + 442*n + 46858. Calculate p(-177).
-47
Let p(u) = 4*u**3 + 7*u**2 - 322*u + 784. What is p(-10)?
704
Let i(f) = 2105475*f + 21054740. Calculate i(-10).
-10
Let b(c) = -249*c**2 + 9457*c + 37819. Calculate b(-4).
-3993
Let g(m) = 19*m**2 + 792*m + 544. Determine g(-41).
11
Let k(l) = -l**3 + 120*l**2 + 142*l - 2449. Calculate k(121).
92
Let b(i) = 470*i - 5093. What is b(15)?
1957
Let w(t) = -9623*t + 58032. Calculate w(6).
294
Let y(u) = -84277*u + 7163547. What is y(85)?
2
Let u(q) = 431*q + 34325. Determine u(-81).
-586
Let u(n) = 64110*n - 27054421. Determine u(422).
-1
Let w(j) = -j**3 + 793*j**2 - 145002*j - 3. Give w(286).
-3
Let c(i) = 11*i**3 + 86*i**2 - 33*i - 119. Calculate c(-8).
17
Let u(o) = o**2 + 2058*o + 940521. What is u(-1373)?
16
Let v(f) = -12496*f + 174954. Calculate v(14).
10
Let p(o) = 151*o - 4728. Calculate p(24).
-1104
Let j(x) = -x**3 + 107*x**2 - 507*x + 683. Determine j(102).
989
Let j(a) = 102392*a + 819114. Calculate j(-8).
-22
Let p(r) = -2266*r - 473581. Give p(-209).
13
Let l(x) 